{"id":1353,"date":"2022-04-22T16:19:15","date_gmt":"2022-04-22T08:19:15","guid":{"rendered":"https:\/\/vitalimshop.com\/tienda\/?post_type=product&#038;p=1353"},"modified":"2022-11-28T01:07:01","modified_gmt":"2022-11-28T09:07:01","slug":"probioticos","status":"publish","type":"product","link":"https:\/\/vitalimshop.com\/tienda\/producto\/probioticos\/","title":{"rendered":"Probi\u00f3ticos"},"content":{"rendered":"<p>Probi\u00f3ticos, carbonato de calcio, di\u00f3xido de silicio.<\/p>\n<p><strong>BENEFICIOS<\/strong><\/p>\n<ul>\n<li>Ayuda a la digesti\u00f3n<\/li>\n<li>Esencial para el mantenimiento de la salud del colon<\/li>\n<li>Mejoran la absorci\u00f3n de nutrientes<\/li>\n<li>Favorece la eliminaci\u00f3n adecuada de los desechos<\/li>\n<li>Restaura las bacterias beneficiosas que deben estar presentes en el tracto<br \/>\ndigestivo sano<\/li>\n<li>Aumenta la capacidad defensiva natural del cuerpo<\/li>\n<li>Combaten el mal aliento<\/li>\n<\/ul>\n<p>&nbsp;<\/p>\n<p><strong>LEYENDAS PRECAUTORIAS<\/strong><\/p>\n<p>HIPERSENSIBILIDAD A LOS COMPONENTES DE LA F\u00d3RMULA.<\/p>\n<p><strong>ESTE PRODUCTO NO ES UN MEDICAMENTO.<\/strong><\/p>\n<p><strong>EL CONSUMO DE ESTE PRODUCTO ES RESPONSABILIDAD DE QUIEN LO RECOMIENDA Y DE QUIEN LO USA.\u00a0\u00a0\u00a0\u00a0\u00a0\u00a0\u00a0\u00a0\u00a0\u00a0\u00a0\u00a0 <\/strong><\/p>\n<p><strong>ATENCI\u00d3N:<\/strong> NO CONSUMIRSE DURANTE EL EMBARAZO O LACTANCIA.<\/p>\n<p>NO CONSUMIR POR PERSONAS MENORES DE 12 A\u00d1OS.<\/p>\n<p>NO SE DEJE AL ALCANCE DE LOS NI\u00d1OS.<\/p>\n<p>CONS\u00c9RVESE EN UN LUGAR FRESCO Y SECO.<\/p>\n","protected":false},"excerpt":{"rendered":"<p>Auxiliar en la salud digestiva.<\/p>\n","protected":false},"featured_media":1354,"comment_status":"open","ping_status":"closed","template":"","meta":[],"product_brand":[],"product_cat":[40,25],"product_tag":[],"class_list":{"0":"post-1353","1":"product","2":"type-product","3":"status-publish","4":"has-post-thumbnail","6":"product_cat-not-sale","7":"product_cat-suplementos","9":"first","10":"instock","11":"taxable","12":"shipping-taxable","13":"product-type-simple"},"_links":{"self":[{"href":"https:\/\/vitalimshop.com\/tienda\/wp-json\/wp\/v2\/product\/1353","targetHints":{"allow":["GET"]}}],"collection":[{"href":"https:\/\/vitalimshop.com\/tienda\/wp-json\/wp\/v2\/product"}],"about":[{"href":"https:\/\/vitalimshop.com\/tienda\/wp-json\/wp\/v2\/types\/product"}],"replies":[{"embeddable":true,"href":"https:\/\/vitalimshop.com\/tienda\/wp-json\/wp\/v2\/comments?post=1353"}],"version-history":[{"count":2,"href":"https:\/\/vitalimshop.com\/tienda\/wp-json\/wp\/v2\/product\/1353\/revisions"}],"predecessor-version":[{"id":1887,"href":"https:\/\/vitalimshop.com\/tienda\/wp-json\/wp\/v2\/product\/1353\/revisions\/1887"}],"wp:featuredmedia":[{"embeddable":true,"href":"https:\/\/vitalimshop.com\/tienda\/wp-json\/wp\/v2\/media\/1354"}],"wp:attachment":[{"href":"https:\/\/vitalimshop.com\/tienda\/wp-json\/wp\/v2\/media?parent=1353"}],"wp:term":[{"taxonomy":"product_brand","embeddable":true,"href":"https:\/\/vitalimshop.com\/tienda\/wp-json\/wp\/v2\/product_brand?post=1353"},{"taxonomy":"product_cat","embeddable":true,"href":"https:\/\/vitalimshop.com\/tienda\/wp-json\/wp\/v2\/product_cat?post=1353"},{"taxonomy":"product_tag","embeddable":true,"href":"https:\/\/vitalimshop.com\/tienda\/wp-json\/wp\/v2\/product_tag?post=1353"}],"curies":[{"name":"wp","href":"https:\/\/api.w.org\/{rel}","templated":true}]}}